lculate l(c).
6
Let f(q) be the first derivative of q**2/2 + 19*q - 333. What is f(-19)?
0
Suppose -9*y - 21*y = 0. Let k(r) = r**2 - 33. What is k(y)?
-33
Suppose n = 3 + 2. Suppose -n*d - 84 = 31. Let a = d + 19. Let p(i) = i**2 + 6*i + 4. Determine p(a).
-4
Let l(k) = -k**3 - 6*k**2 - 8*k - 3. Let b be (-7 + 30/(-35)*-7)*5. Give l(b).
12
Let l(p) be the third derivative of -p**5/60 + 5*p**4/24 + p**3/2 - 22*p**2. Suppose 15 = -d - 2*d, -3*d - 39 = 4*o. Let n be o/(-4)*(7 + -3). What is l(n)?
-3
Let r(i) = 11*i**2 + 7*i - 3. Suppose -15*d - 16 = -11*d. Let m(v) = -5*v**2 - 3*v + 1. Let h(k) = d*r(k) - 9*m(k). Calculate h(0).
3
Let s(a) = -a**2 + 4*a + 4. Suppose -2*g = -2*i - 22, -4*i = -g - 7*i - 9. Give s(g).
-8
Let s be (-1 + 1)/(2 + -1). Let f be ((-2)/(-5))/1 + 32/20. Let i(d) = -d**2 + 3*d. Let l(r) = r**2 - r. Let k(z) = f*l(z) + i(z). Calculate k(s).
0
Let k(a) = -3*a**3 + a**2 - a - 13. Let y(j) = 4*j**3 - j**2 + 2*j + 14. Let f(u) = -3*k(u) - 2*y(u). Let p = 4 + -4. Determine f(p).
11
Let x be -2*(-2)/18 - 21/(-27). Let b(r) = 19*r**2 + 0 - 20*r**2 + 3 + x + 4*r. Calculate b(5).
-1
Let f(t) = -17*t - 14*t - 19*t + 49*t. What is f(6)?
-6
Suppose -4*l = -u + 4, -2 - 18 = -5*u - 4*l. Let f(s) = -9*s**3 - 4*s**2 - 2. Let j(h) = -7*h**3 - 2*h**2 - 2. Let a(q) = -3*f(q) + 4*j(q). Calculate a(u).
-2
Let i(y) be the first derivative of y**4/4 + y**3/3 - 3*y**2/2 - y + 21. Let c(f) = -3*f**3 - 4*f**2 + 8*f + 4. Let n(j) = -4*c(j) - 11*i(j). What is n(-5)?
-10
Let l(x) = 2*x - 2. Let m = 22 + -26. Let b be 16/24*((-150)/m)/(-5). What is l(b)?
-12
Let x(f) be the second derivative of f**3/6 + 2*f**2 - 2*f. Let o = 112 + -117. What is x(o)?
-1
Let v be -1*(350/10)/7. Let h(b) = -4*b - 2. Let s(w) = w. Let m(i) = h(i) + 5*s(i). What is m(v)?
-7
Let l(q) = -q - 4. Suppose 3*t + 60 = -2*a, 2*a - 2*t = 5*a + 95. Let n be ((-300)/(-90))/(5/12). Let b be a/6 - (-4)/n. Determine l(b).
1
Let a(v) = v**3 + 8*v**2 + 5*v - 10. Let z be a(-7). Let u = -5 + 8. Let k(d) = 4*d + z + d**u + 2*d - 3*d - 5*d**2 + 0*d. What is k(4)?
0
Suppose 0 = 3*i + 12, -2*i - 9 = -2*z + 3. Let t(s) = -10*s - 3 - s**z - 12 + 8. Calculate t(-5).
18
Let w(d) = -11*d + 74. Let y be w(6). Let f(h) = -5*h + 34. Calculate f(y).
-6
Let s(a) = -1. Let j(i) = -2*i + 12. Let h(q) = j(q) + 5*s(q). What is h(5)?
-3
Let h(z) = -4*z + 7 + 2*z + z. Let i = 19 - 11. Calculate h(i).
-1
Let u(b) = 16*b**3 + 3*b**2 + 2*b. Suppose -18*a - 12*a = 30. Calculate u(a).
-15
Let c(g) be the third derivative of -g**5/4 + g**4/24 + 96*g**2. What is c(1)?
-14
Let x(p) = 20*p**2 + 20*p**2 - 4*p - 59*p**2 + 20*p**2. Determine x(4).
0
Suppose 21 = 5*q - 3*a, 2*q + 2*a - 3*a - 8 = 0. Let w(o) = q*o - 10 - o + 9 - 2. Calculate w(-5).
-13
Suppose 3*x - 3221 = -5*w, -4*w - 2580 = -8*w - 4*x. Let c(j) = -640*j - 8*j**2 + w*j + 0*j**2 + j**3. Determine c(8).
24
Let u(n) be the first derivative of -n**4/4 + 2*n**3 + 2*n**2 + 7*n - 245. Determine u(6).
31
Let u(f) = -f - 22. Let v = -334 - -319. Give u(v).
-7
Let c(k) = 5 - 3*k**2 - 2 + 2*k**2 - 7 - 10*k + 2*k**2. Calculate c(11).
7
Let d(t) = t + 12. Let g be (-159)/(-15) - 9/15. Let h be (-6)/30 - (-102)/g. Let b = -16 + h. What is d(b)?
6
Let r(d) = -2 + 14*d**2 + 0*d**2 + d**3 + 5 + 0. Give r(-14).
3
Let m = -8 - -3. Let h(i) = 17*i**2 - 29*i + 15. Let g(l) = -3*l**2 + 6*l - 3. Let b(p) = 11*g(p) + 2*h(p). What is b(m)?
-18
Let c(k) = -k**3 + 3*k**2 + 4. Let x(v) = 2*v - 3. Let m = -27 - -30. Let n be x(m). What is c(n)?
4
Let u(g) = 15*g**2 + 3*g + 2. Let s(h) = 47*h**2 + 9*h + 6. Let o(p) = 6*s(p) - 19*u(p). Calculate o(2).
-20
Let t(k) = -85*k - 82*k + 165*k + 2. Determine t(-2).
6
Let l be 4/(-5 - -3)*-10. Let n(m) = -m**2 + 20*m + 8. Calculate n(l).
8
Suppose 6*t - 10*t = 8. Let a(m) = -2 - 5*m + 1 + 3*m + 0. What is a(t)?
3
Let p(s) be the first derivative of s**4/12 - 5*s**3/6 - 3*s**2/2 - 11*s + 5. Let u(z) be the first derivative of p(z). Calculate u(5).
-3
Let s be -10*(-4 + (-51)/(-15)). Let f(m) = 6*m + s*m - 15*m + 6*m - 4. Give f(5).
11
Let m = 135 + -93. Let i(t) = -m + 21 - 8*t + t + 18. Give i(-2).
11
Let j(a) = a**2 - 3*a - 3. Let k be 6/(1 + (-16)/36*2). Let h = 58 - k. What is j(h)?
1
Let y = 29 + -26. Let x(t) = -4 - 7*t + 4*t + y*t - t. Give x(-4).
0
Let h(d) be the second derivative of d**3 - 4*d**2 + 27*d + 1/12*d**4 + 0. What is h(-8)?
8
Let t(x) = 3*x**2 - 2 + 102*x - 102*x - 2*x**2. Suppose 6 = 2*a + 2*d + 2, 0 = -a - 4*d - 1. Give t(a).
7
Let k(b) = -28*b**3 + 114*b**3 - 6*b**2 - 8 + 5*b - 85*b**3. Determine k(6).
22
Let m(d) = -d + 11. Let n = 0 - 8. Determine m(n).
19
Let r(b) = -b + 2. Let v(a) = 4*a + 2. Let h(u) = 6*u + 3. Let z(n) = -3*h(n) + 4*v(n). Suppose -j - 2*w = -6, 5*j + w - 4 = 8. Let i be z(j). Determine r(i).
7
Let m(d) = 8*d - 2*d**3 + d**3 + 0*d**3 + 8*d**2 + 5. Suppose 0 = -50*t + 54*t - 36. Determine m(t).
-4
Let x = 16 - 8. Let l(s) be the second derivative of s**5/20 - 7*s**4/12 - 11*s**3/6 + 6*s**2 + 9*s - 8. Give l(x).
-12
Let l(j) be the second derivative of -5*j**4/12 + j**3/3 + j**2/2 + 2*j. Suppose -3*o = 5 + 16. Let i = o + 6. What is l(i)?
-6
Let o(g) = 8*g + 10. Suppose 3*a + 0*a = 18. Suppose 4*z - 2 = 5*i, 4*i - a = z - 1. Let k(u) = -u - 1. Let c(b) = i*o(b) + 18*k(b). What is c(3)?
-4
Let a(t) = 2*t - 10 - 6 + 10*t**2 + 3*t**3 - 4*t**3 - 2. Calculate a(10).
2
Let m(n) = 6*n**2 + 54*n - 2. Let r be m(-9). Let y(q) = -7*q - 6. Calculate y(r).
8
Let z(o) = -o**3 - 4*o**2 - 3*o + 2. Let c be (-10)/25 - 114/(-10). Let p = c + -6. Suppose 0*i - 17 = -i + 4*a, -p*i + a - 10 = 0. Calculate z(i).
2
Let r(y) = -y + 18. Suppose 3*w + 10*i - 6*i - 53 = 0, 0 = -w - 5*i + 36. Give r(w).
7
Let j(i) = 5 - 4*i - 5. Let k(f) = -f**3 - 6*f**2 + 2*f + 16. Let z be k(-6). Let d be (-3)/((-30)/z) - (-14)/(-10). Determine j(d).
4
Let a = 22 - 16. Let o be 2/4*2*23*7. Let r(y) = 5*y + o*y**2 - 162*y**2 + 2*y. Give r(a).
6
Let u(x) = 13*x**2 + x**3 - 4 - x + 5 + 0*x**3 - 5 + 0*x**3. Determine u(-13).
9
Let i(p) = -p**3 - 2. Suppose 0*z = z - 3. Let g be z/(3*(-2)/30). Let r = -15 - g. Give i(r).
-2
Let y be -3 + 2 - -30 - (-14 - -11). Let m(s) = -6 - 18*s - 15*s + y*s. Suppose 3*b + r = -13, -3*r + 11 = 5*b - 6*b. Give m(b).
-1
Let b(k) = -k**3 + 3*k - 3*k**2 - 4*k - 3*k - 2. Let a(t) = -3*t - 4. Let g be a(-6). Suppose 2*r + 10 = 0, -2*y + 4*r + g = y. Give b(y).
2
Let k(a) = 2*a - 1. Let c = 189 + -197. Suppose -3*o - t + 16 = -21, -4*t + 71 = 5*o. Let m = c + o. Determine k(m).
5
Let k = 31 - 16. Let z = k + -10. Let d(i) = -i**2 + 77 + 7*i - 82 + 0*i. Give d(z).
5
Let j(i) = 4 + 63*i + 66*i - 196*i + 69*i - 12. What is j(2)?
-4
Let n(r) = -r**2 + r - 1. Suppose 0 = 33*h + 15 - 81. Calculate n(h).
-3
Let y(p) be the third derivative of -p**6/30 - p**5/60 + p**4/24 + p**3/6 - 2*p**2 - 15. Determine y(-1).
3
Suppose -2*j - 1 = -7. Let k(y) be the first derivative of 4*y - 5/2*y**2 - 11 + 1/3*y**3. Determine k(j).
-2
Let f(y) be the second derivative of -y**4 - y**3/3 - y**2/2 - 21*y. Suppose 26*x - 3 = 29*x. What is f(x)?
-11
Let v(z) = -z**2 + z - 1. Let a(f) = -f - 2. Let s be a(-3). Let h(n) = -2*n**2 + 6*n - 6. Let t(b) = s*v(b) - h(b). Determine t(4).
1
Let c(y) = 9*y**2 + 9*y + 2. Let s(n) = 13*n**2 + 13*n + 3. Suppose -4*k = f + 5, 3*k + 4 + 19 = 2*f. Let i(l) = f*c(l) - 5*s(l). Determine i(-2).
-5
Let b = 2 - 9. Let j = b + 10. Let f(i) = 8*i**3 + 4 - j - 1. Calculate f(1).
8
Let w(s) = -3*s**2 - 5*s + 8. Let q(r) = 5*r**2 + 11*r - 15. Let c(n) = 4*q(n) + 7*w(n). Let y(h) = h**3 + 17*h**2 + h + 25. Let d be y(-17). Calculate c(d).
4
Let r(w) be the first derivative of -w**3/3 - 3*w**2 - 3*w - 1. Suppose -36*i - 182 = 34. What is r(i)?
-3
Let x(k) be the first derivative of k**3/3 + 8*k - 561. Let t = -2 - -2. Determine x(t).
8
Let q(d) be the first derivative of d**3/3 + 4*d**2 + 5*d - 96. Give q(-6).
-7
Let r be -6*((-4)/6 + 0). Let o = 293 + -161. Let g(v) = -5*v + 62*v**2 + v - 5 - o*v**2 + 71*v**2. Calculate g(r).
-5
Let g(d) be the second derivative of d**3/6 + 5*d**2/2 - 197*d - 2. Suppose -2*h + 5 - 19 = 0. Determine g(h).
-2
Let s(p) = -9 - 5*p + 21*p**2 - 58*p**2 + p + 14*p**2 + 8. Calculate s(-1).
-20
Let q(g) = 0*g - 5*g + 2*g - 4. Let n(a) = -4*a - 30. Let m be n(-12). Suppose -3*x - 18 = -x - 4*u